vided by x?
15
Let j = 21 - 1. Suppose -3*p + 2*v = -123, 4*v - 63 = -2*p - v. Calculate the remainder when p is divided by j.
19
Let d(h) = -h**3 + 4*h + 4. Let b be d(-4). Suppose 2*k = 3*v - b - 30, 0 = -k + 4. Calculate the remainder when v is divided by 16.
14
Suppose -z + 0 + 2 = 0. Let h be (-2)/7 + 162/(-21). What is the remainder when (1 - h)*(-2)/(-6) is divided by z?
1
Let c(w) = w**2 - 5*w + 1. Let t(h) = 2*h**2 - 10*h + 1. Let p(s) = 5*c(s) - 3*t(s). Calculate the remainder when 8 is divided by p(5).
0
Let c = -118 + 131. Calculate the remainder when 58 is divided by c.
6
Let y(n) = 4*n - 3. Let r = 10 - 7. Let q be y(r). Suppose -a + 7 = -q. Calculate the remainder when 29 is divided by a.
13
Let n = 26 + -18. Suppose 0 = -4*y + 3*u + u + n, -3*y - 5*u - 10 = 0. Suppose -2*q - q + 24 = y. What is the remainder when q is divided by 3?
2
Let x = -33 - -47. Calculate the remainder when 22 is divided by x.
8
Let m be (-9)/(0 + 12/(-16)). What is the remainder when (-2)/(-2) + -2 + 24 is divided by m/(-24) - 17/(-2)?
7
Let p = 8 + 18. Suppose -5*l + 5*w + 19 = -p, l - 2*w - 5 = 0. Let j = 87 - 50. What is the remainder when j is divided by l?
11
Suppose 2*j = i - 17, -2*i + j - 2*j = -19. Calculate the remainder when (738/(-8))/(-3) - (-1)/4 is divided by i.
9
Suppose -4*q = -0*q - 5*w - 37, q + 3*w + 12 = 0. Suppose 0 = -2*p + q*p - 4, -3*f - 4*p + 52 = 0. What is the remainder when 35 is divided by f?
11
Let n be (54/(-45))/((-3)/10). Suppose -n*a - 5*f - 10 = 0, -a - 4 = 2*a + 2*f. Let m(v) = v**2 + v + 46. What is the remainder when m(a) is divided by 12?
10
Let m = 12 - 7. Calculate the remainder when -6*(30/20 + 14/(-4)) is divided by m.
2
Let s be ((-3)/(-6))/((-2)/(-20)). Let a = 10 - s. Calculate the remainder when 37 is divided by 2/10 - (-64)/a.
11
Suppose -3*j + 36 = -2*j. Suppose -p + 3*p = j. What is the remainder when p is divided by 7?
4
Let v be 2/8 + (-42)/(-24). Suppose 0 = a - v*a + 58. What is the remainder when a is divided by 20?
18
Let a(d) = d**3 - 3*d**2 - 2*d - 7. What is the remainder when a(5) is divided by 102/(-4)*(-6)/9?
16
Let c = 60 + -35. What is the remainder when c is divided by 9?
7
Let w = 26 + -15. Suppose 0 = -8*k + 3*k + 45. Let j = -3 + k. What is the remainder when w is divided by j?
5
Suppose 5*x - 25 = 0, 4*q + 49 = 4*x + 161. Calculate the remainder when q is divided by 12.
9
Calculate the remainder when 4 - (3 + -9)/3 is divided by 5.
1
Suppose 0 = -0*t + 2*t - 50. Suppose 0 = b - 29 + 4. Calculate the remainder when t is divided by 215/b + (-2)/(-5).
7
Let z = -13 - -64. Calculate the remainder when z is divided by 14.
9
What is the remainder when (-3 - (1 + -1)) + 16 is divided by 7?
6
Suppose 5*v = -4*l + l - 26, -2*l = -4*v - 12. Calculate the remainder when (l/(-2))/((-3)/(-57)) is divided by 10.
9
Let u = 3 + 11. Suppose 16*b = u*b + 64. What is the remainder when b is divided by 11?
10
Suppose 2*o - 106 + 40 = 0. Calculate the remainder when o is divided by 13.
7
Let k = -36 + 79. What is the remainder when k is divided by (-8)/(-6)*(-66)/(-4)?
21
Suppose -4*y + 5*v = -30, 4*y + 2*v = -3 + 19. What is the remainder when 17 is divided by y?
2
Let l(x) = x**2 + 11. Let u = 30 + 2. Calculate the remainder when u is divided by l(0).
10
Let n be -4*(435/12)/(-5). Suppose 3*m - 74 = -n. What is the remainder when 44 is divided by m?
14
Suppose -10 + 105 = 5*v. What is the remainder when 54 is divided by v?
16
Suppose 0 = -2*t - 2*t + 4. Suppose -3*z + t + 35 = 0. Calculate the remainder when 23 is divided by z.
11
Let o(d) = d**2 + 7*d - 9. Calculate the remainder when o(-13) is divided by 10.
9
What is the remainder when (0 - 42 - 0)*(-6)/4 is divided by 32?
31
Suppose 3 = l - 5. What is the remainder when 38 is divided by l?
6
Let u = 3 - 9. Let y = 1 - u. Calculate the remainder when 13 is divided by y.
6
Suppose -f - 2*m + m = -87, 10 = -2*m. Suppose -3*u - 2*u = 2*a - 20, -4*a + 3*u = -f. Calculate the remainder when 78 is divided by a.
18
Let s(r) = 2*r**2 - 10*r - 4. Calculate the remainder when 94 is divided by s(7).
22
Let g = 95 + -90. Calculate the remainder when 8 is divided by g.
3
Suppose -2*y - 2*g + 16 = -56, 5*g - 87 = -2*y. Let t = -10 + y. Calculate the remainder when t is divided by 11.
10
Let p(h) = 37*h - 3. What is the remainder when p(2) is divided by 37?
34
Suppose b + o = -2*b + 13, 3*b - 2*o = 19. Suppose -b*k + 60 = -0*k. Let h = 26 - 3. What is the remainder when h is divided by k?
11
Suppose -2*d = 2*d - 100. Suppose -7*a + 2*a + d = 0. Suppose -a*m + 4*m - 4*c + 13 = 0, 0 = -3*m - 2*c + 9. Calculate the remainder when 1 is divided by m.
0
Suppose -26 + 2 = -3*r. Let d(g) = -g**2 - 2*g. Let f(u) = u**2 + u - 1. Let k(l) = -6*d(l) - 5*f(l). What is the remainder when r is divided by k(-7)?
3
Let s = -159 + 85. Let q = 111 + s. Calculate the remainder when q is divided by 13.
11
Suppose -2*s + 4*y = -6*s + 60, 0 = -s + 4*y + 15. What is the remainder when s is divided by 8?
7
Let d(q) = -3*q**2 + 3. Let o be d(5). Let l = o - -142. What is the remainder when l is divided by 18?
16
Suppose 2*m = 20 + 32. Suppose 3*g - m = 55. What is the remainder when g is divided by 10?
7
Let r = -166 + 172. Calculate the remainder when 69 is divided by r.
3
Suppose -18 = 3*b + 3*p, p + 7 = 3*b - 5*b. Calculate the remainder when 23 is divided by b + 14 + (2 - 3).
11
What is the remainder when 48 is divided by (-7 - -4)*15*(-6)/27?
8
Suppose 3*j = -i + 20, 5*i - 3*j + j - 32 = 0. Let f = 1 + -2. Let d = f + i. Calculate the remainder when d is divided by 4.
3
Let s = 25 - 14. Suppose h = -3*q + 96, 8 = q + q. Suppose h = 3*p + p. What is the remainder when p is divided by s?
10
Let j be ((-6)/7)/(3/(-126)). Let w = 70 - j. Calculate the remainder when w is divided by 12.
10
What is the remainder when (1 - (-9 + -2))/1 is divided by 4?
0
Let q = 18 - 0. What is the remainder when q is divided by 7?
4
Suppose 3*m = -5*n + 7, -4*m + 6*n - 2*n + 20 = 0. Calculate the remainder when 10 is divided by m.
2
Let a(l) = l**2 + 1. Let p(z) = z**2 + 5*z + 6. Let o be p(-4). Let v(k) = 3*k**2 - k + 2. What is the remainder when v(2) is divided by a(o)?
2
Let i = 24 + -22. What is the remainder when 3 is divided by i?
1
Let r(m) = -m**3 - 5*m**2 - 5*m. Let o be r(-4). Let f(j) = 23*j. Calculate the remainder when o*(-2)/(-4) - -65 is divided by f(1).
21
Suppose -5*w = -3*a - 3 - 1, w - 5*a + 8 = 0. Suppose -w*n = -2*v - 4, 2 = -2*v - 4*n + 4. Calculate the remainder when 30 is divided by v/((-1)/2) - -6.
6
Let f = 31 - 17. Let k = -2 + f. Let r(p) = -p**3 + 5*p**2 + p + 2. What is the remainder when r(3) is divided by k?
11
Let j = 38 - 4. Suppose 3*m + 3 = 0, n - 2*m = 35 + j. Suppose -x + 4*w + n = 15, 2*x = -2*w + 64. What is the remainder when x is divided by 13?
10
Let q = 4 + -4. Suppose 10 = 2*f - q. What is the remainder when 8 is divided by f?
3
Suppose -3*k = -6*k - 4*u + 26, 5*k - u = 51. Let q = 0 - -6. Suppose 0 = q*f - 2*f - 112. What is the remainder when f is divided by k?
8
Let i be (76/(-8))/((-2)/4). Let v = i + -11. Calculate the remainder when 14 is divided by v.
6
Suppose -3*m + 131 = -40. Calculate the remainder when m is divided by 16.
9
Let s be (-2 + 2 + -5)*-1. Suppose 0 = s*u - 2*u - 9. What is the remainder when 5 is divided by u?
2
Let w be -1 + (-21 - 6/3). Let u = 41 + w. Let v(c) = c**3 + 4*c**2 - c - 3. What is the remainder when u is divided by v(-3)?
8
Let m(c) = -c**2 - 16*c + 12. Let j be m(-12). Suppose -2*r + j = 2*r. Calculate the remainder when 58 is divided by r.
13
Let x(l) = 10*l - 6. Let d(b) = -2*b - 5. Suppose a = 4*a + 15. Let z be d(a). What is the remainder when x(z) is divided by 15?
14
Calculate the remainder when 54 is divided by (-21)/(-9)*60/10.
12
Suppose 3*j - 3 = 4*d, j - 3*d = 2 + 4. Let s(o) = -o**3 - o**2 + o - 2. What is the remainder when 51 is divided by s(j)?
12
Let n = 4 + -2. Suppose -3*o = n*o - 30. Calculate the remainder when o is divided by 4.
2
Let l = 33 + -16. Calculate the remainder when 47 is divided by l.
13
Let q(x) = -10*x + 9. Let u(g) = 30*g - 26. Let y(c) = 17*q(c) + 6*u(c). Calculate the remainder when y(4) is divided by 13.
11
Let j(s) = -s**3 - 10*s**2 + 23*s - 11. Calculate the remainder when 1 is 